rt 9 (base 14) to base 9.
10
Convert -1 (base 13) to base 7.
-1
What is -1 (base 7) in base 6?
-1
What is -79 (base 13) in base 16?
-64
Convert -15 (base 8) to base 7.
-16
What is -5c (base 13) in base 4?
-1031
Convert -1 (base 13) to base 7.
-1
Convert 174 (base 9) to base 6.
404
4 (base 8) to base 6
4
Convert -61 (base 8) to base 15.
-34
Convert 2 (base 8) to base 2.
10
What is 5 (base 10) in base 3?
12
Convert 10111 (base 2) to base 7.
32
What is -10 (base 15) in base 6?
-23
Convert -11 (base 3) to base 5.
-4
5b (base 12) to base 3
2122
Convert -10 (base 4) to base 16.
-4
Convert 111 (base 3) to base 7.
16
What is 30 (base 5) in base 3?
120
What is a (base 15) in base 12?
a
Convert 8 (base 11) to base 9.
8
What is 26 (base 11) in base 13?
22
Convert 1013 (base 4) to base 15.
4b
-1 (base 7) to base 4
-1
Convert 523 (base 8) to base 9.
416
Convert 311 (base 6) to base 8.
163
Convert 13 (base 4) to base 8.
7
21 (base 5) to base 2
1011
Convert -1 (base 12) to base 3.
-1
Convert -5 (base 8) to base 3.
-12
Convert 11011 (base 2) to base 16.
1b
32 (base 11) to base 9
38
What is -5 (base 12) in base 14?
-5
-2 (base 11) to base 8
-2
Convert 27 (base 10) to base 5.
102
Convert 10100 (base 2) to base 11.
19
Convert 2d (base 15) to base 12.
37
12 (base 6) to base 15
8
-10 (base 4) to base 3
-11
Convert -22 (base 9) to base 15.
-15
What is -12 (base 5) in base 10?
-7
What is -d8 (base 15) in base 3?
-21112
17 (base 14) to base 6
33
What is 29 (base 12) in base 10?
33
Convert -24 (base 8) to base 14.
-16
-36 (base 15) to base 3
-1220
What is -1113 (base 5) in base 9?
-185
-13 (base 5) to base 3
-22
44 (base 10) to base 13
35
110001 (base 2) to base 11
45
Convert -366 (base 10) to base 3.
-111120
Convert 52 (base 12) to base 6.
142
Convert 0 (base 6) to base 9.
0
Convert -56 (base 11) to base 6.
-141
What is -9c (base 16) in base 3?
-12210
What is 42 (base 8) in base 9?
37
What is -173 (base 9) in base 15?
-9c
-1 (base 3) to base 13
-1
Convert 12 (base 3) to base 9.
5
Convert 144 (base 8) to base 7.
202
What is 150 (base 6) in base 7?
123
Convert 25 (base 13) to base 5.
111
What is 322 (base 4) in base 9?
64
-4b (base 13) to base 7
-120
-3 (base 13) to base 6
-3
3 (base 5) to base 14
3
Convert -6 (base 14) to base 10.
-6
What is -101 (base 4) in base 2?
-10001
What is -7 (base 13) in base 12?
-7
8 (base 9) to base 5
13
What is 18 (base 15) in base 6?
35
What is -1 (base 3) in base 13?
-1
430 (base 5) to base 13
8b
Convert 57 (base 10) to base 2.
111001
7 (base 14) to base 10
7
Convert 59 (base 11) to base 8.
100
20 (base 3) to base 8
6
Convert 23 (base 16) to base 15.
25
What is -13 (base 14) in base 13?
-14
Convert -3 (base 6) to base 12.
-3
Convert -10 (base 2) to base 6.
-2
Convert 101010 (base 2) to base 6.
110
Convert -15b (base 12) to base 4.
-3113
Convert -6 (base 14) to base 2.
-110
What is 21 (base 4) in base 12?
9
What is -30 (base 5) in base 13?
-12
-101011 (base 2) to base 10
-43
Convert 333 (base 6) to base 8.
201
1124 (base 6) to base 15
12d
1001000 (base 2) to base 12
60
1 (base 11) to base 13
1
What is -36 (base 9) in base 11?
-30
Convert 5 (base 10) to base 16.
5
What is 1 (base 6) in base 12?
1
-16b (base 14) to base 15
-146
Convert -1 (base 7) to base 5.
-1
Convert -27 (base 8) to base 15.
-18
What is -6 (base 15) in base 16?
-6
87 (base 14) to base 5
434
Convert 253 (base 6) to base 3.
10220
What is 8 (base 12) in base 11?
8
Convert -27 (base 14) to base 2.
-100011
What is 19 (base 12) in base 3?
210
-1 (base 5) to base 9
-1
What is 134 (base 6) in base 7?
112
What is 2 (base 15) in base 10?
2
What is -24 (base 11) in base 16?
-1a
-155 (base 9) to base 4
-2003
-13 (base 6) to base 14
-9
Convert -116 (base 13) to base 15.
-c8
Convert -4 (base 11) to base 10.
-4
What is 4 (base 10) in base 4?
10
Convert 0 (base 15) to base 13.
0
Convert -26 (base 12) to base 9.
-33
Convert 12 (base 4) to base 11.
6
Convert -1 (base 16) to base 13.
-1
Convert -1 (base 7) to base 15.
-1
-2 (base 14) to base 6
-2
What is 0 (base 9) in base 14?
0
1 (base 3) to base 5
1
-10 (base 3) to base 16
-3
What is 210 (base 4) in base 3?
1100
What is 121 (base 3) in base 13?
13
What is 57 (base 13) in base 14?
52
What is -3 (base 4) in base 16?
-3
-30 (base 13) to base 15
-29
-100 (base 3) to base 10
-9
Convert -10 (base 3) to base 12.
-3
What is -22 (base 9) in base 7?
-26
7 (base 10) to base 12
7
-12 (base 13) to base 16
-f
What is 9 (base 10) in base 15?
9
36 (base 16) to base 6
130
What is 0 (base 16) in base 7?
0
-263 (base 8) to base 11
-153
What is 1 (base 4) in base 10?
1
What is -2 (base 6) in base 11?
-2
Convert 1 (base 9) to base 11.
1
-3 (base 11) to base 12
-3
What is -1000000 (base 2) in base 14?
-48
What is -443 (base 5) in base 13?
-96
Convert -232 (base 4) to base 14.
-34
What is -97 (base 14) in base 15?
-8d
-2 (base 13) to base 11
-2
-20 (base 4) to base 9
-8
What is 7 (base 15) in base 3?
21
What is -1010 (base 2) in base 4?
-22
Convert -82 (base 15) to base 14.
-8a
33 (base 11) to base 16
24
Convert -40 (base 9) to base 4.
-210
Convert -35 (base 6) to base 15.
-18
What is -5 (base 12) in base 8?
-5
Convert 20 (base 9) to base 6.
30
4 (base 11) to base 6
4
What is -51 (base 10) in base 5?
-201
0 (base 12) to base 9
0
What is 8 (base 9) in base 3?
22
Convert -15 (base 6) to base 15.
-b
-2 (base 9) to base 2
-10
Convert -2 (base 13) to base 12.
-2
What is -120 (base 7) in base 2?
-111111
Convert 100 (base 3) to base 10.
9
Convert -4 (base 10) to base 5.
-4
What is -3 (base 14) in base 6?
-3
-31 (base 4) to base 5
-23
What is 20 (base 8) in base 12?
14
-1b1 (base 14) to base 13
-210
Convert 2 (base 5) to base 2.
10
Convert 1 (base 12) to base 7.
1
Convert 13 (base 11) to base 15.
e
Convert 3 (base 14) to base 4.
3
What is 4 (base 12) in base 8?
4
Convert 0 (base 6) to base 5.
0
0 (base 8) to base 5
0
Convert -3 (base 16) to base 4.
-3
Convert 51 (base 15) to base 9.
84
What is -356 (base 7) in base 5?
-1223
What is -20 (base 5) in base 9?
-11
What is 64 (base 9) in base 11?
53
What is -36 (base 12) in base 16?
-2a
What is -11 (base 2) in base 4?
-3
26 (base 15) to base 9
40
Convert 8 (base 10) to base 4.
20
What is 61 (base 10) in base 11?
56
Convert -3 (base 4) to base 3.
-10
Convert -b (base 16) to base 9.
-12
-33 (base 7) to base 13
-1b
Convert 5b (base 12) to base 6.
155
Convert 0 (base 9) to base 13.
0
113 (base 5) to base 13
27
Convert -3 (base 13) to base 4.
-3
Convert -2d (base 16) to base 9.
-50
-2 (base 11) to base 13
-2
What is 53 (base 10) in base 12?
45
What is 3 (base 7) in base 10?
3
Convert 10211 (base 3) to base 2.
1100111
Convert 1022 (base 4) to base 16.
4a
Convert -221 (base 4) to base 3.
-1112
What is -10 (base 4) in base 3?
-11
Convert -10100100 (base 2) to base 12.
-118
What is 11 (base 4) in base 14?
5
What is -5d (base 15) in base 8?
-130
Convert -38 (base 9) to base 10.
-35
Convert 3 (base 12) to base 15.
3
What is 1113 (base 5) in base 2?
10011110
Convert 11031 (base 4) to base 14.
19b
Convert 122 (base 3) to base 16.
11
113 (base 5) to base 7
45
What is 2 (base 3) in base 10?
2
What is -5 (base 12) in base 8?
-5
What is 20 (base 4) in base 13?
8
What is 1 (base 4) in base 9?
1
Convert -f1 (base 16) to base 2.
-11110001
Convert 3 (base 15) to base 2.
11
What is 332 (base 4) in base 6?
142
Convert -53 (base 13) to base 11.
-62
Convert -1001 (base 3) to base 6.
-44
What is -60 (base 14) in base 12?
-70
What is -4 (base 14) in base 15?
-4
-188 (base 15) to base 16
-161
What is -5 (base 15) in base 5?
-10
Convert -101 (base 2) to base 3.
-12
Convert 1 (base 2) to base 15.
1
40 (base 9) to base 12
30
What is 0 (base 5) in base 16?
0
What is -3 (base 6) in base 7?
-3
What is -3 (base 8) in base 5?
-3
What is -3 (base 12) in base 13?
-3
What is -68 (base 16) in base 6?
-252
1 (base 5) to base 14
1
What is -140 (base 6) in base 14?
-44
Convert 4 (base 9) to base 15.
4
34 (base 6) to base 15
17
-44 (base 7) to base 16
-20
What is 4 (base 9) in base 3?
11
What is 15 (base 13) in base 5?
33
-4 (base 6) to base 10
-4
299 (base 10) to base 15
14e
Convert -10 (base 7) to base 10.
-7
Convert -22 (base 4) to base 2.
-1010
Convert 5 (base 10) to base 4.
11
1d (base 14) to base 5
102
What is 27 (base 11) in base 2?
11101
Convert 3 (base 8